lse
Let q(v) = -v - 9. Let d be q(-9). Suppose 3*b - 104 + 371 = d. Let x = 142 + b. Is x a composite number?
False
Suppose -3*v + 2*v + 3 = 0. Let u(d) = -5 + 5*d - 5*d - 3*d**2 + 4*d**v - 3*d**3. Is u(7) a prime number?
True
Let f(p) = -12*p + 15 + 4*p - 2*p - 4*p + 2*p. Suppose -4*b = b + 30. Is f(b) prime?
False
Is 3/6*-4*(-6086)/4 prime?
False
Suppose -19 = -2*t + t. Let f = 46 + t. Is f prime?
False
Suppose -419 = 6*z - 7*z. Suppose y - 3*r = z, -502 - 1609 = -5*y - r. Is y a composite number?
True
Let u be 30/(-105) - (-1 + 10/14). Suppose u = -2*h + 2456 - 126. Is h a composite number?
True
Let j be 24/(-28)*(-28)/(-18)*-15. Is ((-95)/j + 4)*10*-2 a composite number?
True
Let b(d) = 1485*d**3 + 5*d**2 + 2*d. Let k(h) = -7424*h**3 - 26*h**2 - 9*h + 1. Let m(o) = -11*b(o) - 2*k(o). Is m(-1) a prime number?
False
Suppose -q = 4*r - 2529, r - 639 = -q + 3*q. Is r prime?
False
Let k be (-66)/(-36) + 1/6. Suppose 0 = -k*v + 268 + 206. Suppose -g + v = 2*g. Is g a prime number?
True
Suppose 0 = 9*j + 4*j. Is (-3865 - (j - 3))*(-6)/12 prime?
True
Suppose -31*a = -29*a + 10. Is (-15988)/a - ((-42)/30 + 2) prime?
False
Let l = 11 - 13. Let p be 35/(-10)*4/l. Suppose -5*h - 174 = -p*h. Is h a composite number?
True
Let n be (-2)/((-6)/(-9))*-3. Let s be (-2)/n + (-264)/27. Let j = s - -171. Is j a prime number?
False
Let w = -4807 + 7266. Is w composite?
False
Let n be ((-6)/5)/((-10)/25). Suppose 5*v + d - 1 = 15, 3 = 2*v - n*d. Is 116*1 - (-6 + v) composite?
True
Let x = 83060 - 58069. Is x a composite number?
True
Suppose -v + 455 = -2*j - 7052, 5*v - 5*j - 37550 = 0. Is v a composite number?
True
Let k(v) = 13*v**2 + 11*v - 77. Is k(-29) composite?
True
Suppose -h + 111 = -4*h. Let a be (-20)/70 + h/(-7). Suppose 4*f = 2*x - 594, 738 - 162 = 2*x + a*f. Is x composite?
False
Let j = -2641 - -4296. Is j a prime number?
False
Is 5272 + 4/(-16) + 11/(-4) composite?
True
Let g(z) = 2*z + 12. Let q be (60/24)/((-1)/2). Let h be g(q). Suppose 795 = h*f + f. Is f a prime number?
False
Suppose 2*d - 237066 = -4*u, 14812 = 2*u - 4*d - 103746. Is u prime?
False
Let a be 4/(-4) - (-9)/3. Suppose 4*r = 4*m, 2 = a*r - m - 0. Suppose -i = 7*x - 3*x - 279, i = -r*x + 141. Is x composite?
True
Is 1*(3/(-9))/((-1)/70311) a prime number?
False
Let i(h) = -2*h + 2. Let p be i(7). Is (218 - 0) + 12/p composite?
True
Let t = 2702 + -1549. Let r = t - -120. Is r composite?
True
Suppose 2*p - 6 = 2, 3*u - 27 = -3*p. Let o(y) = 14*y**2 + 2*y + 4. Let k be o(u). Let r = 247 + k. Is r composite?
True
Suppose -1 = -4*s + 3, -4*s + 16 = 4*o. Suppose -k + 2*m + 0*m = -523, o*k + 5*m = 1558. Is k a composite number?
False
Let j(l) = l**2 + l. Let x be j(1). Let g(f) = -f**3 - 2*f**2 + 2*f - 3. Let n be g(-3). Suppose -5*y + 1475 = -4*u - u, n = -u - x. Is y composite?
False
Let z(m) = 12*m - 4. Let g be z(2). Suppose g = 4*s + 24. Let x(p) = -87*p**3 - p**2 + 1. Is x(s) a composite number?
True
Suppose 3*p - 4*v - 15861 = 4252, -v = -5*p + 33550. Is p a composite number?
True
Suppose 5*c - 41698 = -2*q, 5*c - 16297 = -4*q + 67099. Is q a prime number?
True
Suppose 0 = -0*v + 3*v - 12. Suppose v*p - 9 = p. Suppose x + 4*x - 971 = -4*r, 2*x = -p*r + 394. Is x a prime number?
True
Is (191 + 0)/(-10 + (-22)/(-2)) a prime number?
True
Let y(u) = -177*u - 278. Is y(-31) composite?
False
Let i(p) = 25*p - 8. Is i(13) a prime number?
True
Suppose -411*l - 28 = -415*l. Let v(f) be the first derivative of 5*f**3/3 + 7*f**2/2 + 5*f - 1. Is v(l) composite?
True
Suppose -4*i - 25575 = -3*r, 5*r - i - 4*i = 42630. Is r composite?
True
Let m(s) = 16*s + 21. Let q be m(7). Is (4/14)/2 + 38684/q composite?
True
Let i = 172 - 23. Let l = 606 + i. Suppose -h + l = -1296. Is h a composite number?
True
Let b = -4399 + 6594. Is b a prime number?
False
Suppose n - 24 = -2*n. Let z = n - -257. Is z prime?
False
Suppose -19*o + 5231403 = 38*o. Is o a composite number?
True
Suppose -10 = -2*v, -3*t + 6*t = 6*v + 11052. Is t a composite number?
True
Let s be ((-4)/10)/(4/(-20)). Let h be (-204)/8*s*-2. Is h/((-6)/(-3))*1 composite?
True
Let m = -11189 + 23076. Is m prime?
True
Let j(w) = -1. Let p(g) = 23*g**2 + 5*g - 3. Let a(u) = -2*j(u) + p(u). Let l = 3 - 0. Is a(l) a prime number?
False
Suppose -3*g + 3*o + 55 = -g, o - 131 = -4*g. Let h = g + -9. Is h a composite number?
False
Let f be (13/2 + -4)*2. Let q(k) = -k**3 + 7*k**2 - 7*k. Let u be q(f). Suppose -1985 = -20*o + u*o. Is o a composite number?
False
Let j = -589 + 628. Is j a composite number?
True
Let s = -13 - -12. Let b be s*-1*22 + 0. Is 0 + b - (1 + -2) composite?
False
Suppose 62953 = 7*i - 45624. Is i a composite number?
False
Let h(g) = -g**2 - 3*g. Let c be h(-3). Suppose c = 5*o + 25, o = -3*t + t + 445. Suppose 108 + t = 3*m. Is m prime?
False
Let g be (-32978)/(-8) - 2/8. Suppose 5*t - g = 5*h - 1122, 4*h + 2393 = -3*t. Let a = h - -1012. Is a a prime number?
False
Let l(o) = 2*o**3 - 41*o**2 + 16*o - 34. Is l(21) prime?
True
Let q(p) = -p**3 - 11*p**2 + 26*p - 28. Let d be q(-22). Suppose d = 8*g - 4*g. Is g prime?
True
Let r = 1944 + -1310. Suppose -3*s + 2767 = 2*t - r, s + t = 1133. Is s prime?
False
Suppose -11603 = -14*s + 242819. Is s composite?
True
Let t be 3 - (1 + 2)/(-3). Suppose l - q = -1, t*l + q - 8 = 2*q. Suppose d - l*x = 53, -4*d + x + 4*x + 212 = 0. Is d composite?
False
Let d(r) = r**3 + 15*r**2 - 3*r - 2. Suppose -4*w - 96 = 4*b, -2*w - 6*b - 48 = -b. Let v = 9 + w. Is d(v) a composite number?
False
Let x = -288 - -853. Is x prime?
False
Suppose 0 = -12*i + 7*i + 25200. Let d = i - -3183. Is d a prime number?
False
Is 4962925/165 - (1 + (-5)/3) prime?
False
Suppose -5*z + 2140 = 2*h, 15 = 5*h - 2*h. Suppose 3*s + 3*s - z = 0. Suppose p - s = 268. Is p a prime number?
False
Suppose 5*n - 26674 = -2*q - 3502, -5*q + 58000 = -5*n. Suppose 70*c = 66*c + q. Is c prime?
False
Let r be (-2 + 2/2)/1. Let q be ((-1)/4)/(r/20). Suppose 81 = s - 4*k, 0 = -4*s - 10*k + q*k + 408. Is s a prime number?
True
Let v(j) = 368*j**3 + j. Suppose -5*d + 2*g = -9, g - 4 = 3*g. Let r be v(d). Let a = r + -136. Is a prime?
True
Let p(d) = 674*d**3 - 2*d**2 + 3*d - 2. Is p(1) prime?
True
Suppose -5*r + 225 = 5*x, 0*r - 182 = -4*r - 2*x. Let z(m) = -6*m**3 - 4*m**2 - 2*m - 1. Let j be z(-3). Let a = j - r. Is a composite?
True
Is ((-2389400)/(-12))/2 - 8/6 prime?
False
Let o(p) be the first derivative of -290*p**2 - 31*p + 30. Is o(-3) prime?
True
Suppose 2*n - 2*f = -4*f + 8, 3*f = n. Suppose 1009 = 2*a - 519. Suppose -o - n*o = -a. Is o a composite number?
False
Suppose -1010 = -6*z + 3*z - 5*k, z - 2*k = 322. Suppose -4*v + 3*r + 35 + 218 = 0, -z = -5*v + r. Is v composite?
False
Is 6/(-4)*(-14940568)/348 a composite number?
False
Let c = 2 + 0. Let r(b) = 207*b**3 - 2*b**2 + 3*b - 1. Let h be r(c). Suppose 0*i + h = 4*k + i, i + 2064 = 5*k. Is k a composite number?
True
Suppose -2487 = -x - 2*v, 5*x + 1998 - 14439 = -4*v. Is x a composite number?
True
Suppose 7*n + 5 = -j + 5*n, 0 = -4*j + 4*n + 16. Let d(x) = 9*x**2 - 3*x + 10. Let h(m) = m - 1. Let w(a) = j*d(a) + 5*h(a). Is w(6) a prime number?
False
Suppose 3*z + 6938 - 25949 = 0. Is z composite?
False
Suppose 2*v = -0*f + f + 4, -2*v + 4 = -2*f. Suppose -3*a - 531 + 1758 = f. Is a prime?
True
Is ((-161292)/(-18))/(3/((-18)/(-4))) composite?
False
Suppose 4*c - 3439 = -f + 5176, 2*c + 4*f - 4318 = 0. Is c composite?
False
Suppose 6*f = -6*f - 192. Is (-4)/f + 4041/12 + 2 prime?
False
Let a(l) = -13*l**3 + 4*l**2 - l - 10. Let b(m) = -12*m**3 + 4*m**2 - m - 9. Let d(u) = -6*a(u) + 7*b(u). Is d(-4) a prime number?
True
Suppose -71311 = -0*u - 29*u. Is u a composite number?
False
Suppose -4*b + 2*i = -2518, 5*b - 5*i + 3*i = 3149. Is b a composite number?
False
Let m be (0/((-4)/(-1)))/(-1). Let y = 6 + m. Is ((-119)/(-2))/(3/y) a prime number?
False
Suppose 3*v = -3*r + 27, 2*r - 9 = -r. Let b(o) = -o**3 + 10*o**2 - 5*o - 4. Let d be b(v). Is (d/(-4))/(1/(-2)) prime?
False
Let l(h) = -131*h**2 + h + 1. Let o be l(-1). Is (15/3)/(-4 - -3)*o a composite number?
True
Let x = -2007 - -3448. Is x a prime number?
False
Suppose -7 = -s - 4*i, -2*s - 2*i + 5 = -3*s. Is s - (-19)/(95/9750) prime?
True
Let k(z) = 426*z + 11. Is k(10) a composite number?
False
Suppose 5*i - 7 = 